{"id":91,"date":"2019-05-20T18:59:14","date_gmt":"2019-05-20T18:59:14","guid":{"rendered":"https:\/\/www.xn--feuerwehr-prnbach-9zb.de\/wordpress\/?page_id=91"},"modified":"2019-05-30T23:45:21","modified_gmt":"2019-05-30T21:45:21","slug":"mzf","status":"publish","type":"page","link":"https:\/\/www.xn--feuerwehr-prnbach-9zb.de\/wordpress\/index.php\/mzf\/","title":{"rendered":"MZF"},"content":{"rendered":"<p><strong>Fahrgestell<\/strong>: Mercedes Sprinter (160 PS Handschalter)<\/p>\n<p><strong>Aufbau<\/strong>: Geidobler<\/p>\n<p><strong>Baujahr:<\/strong>\u00a02016<\/p>\n<p>Einige Daten zur Beladung: Das Fahrzeug verf\u00fcgt \u00fcber die Normbeladung im speziellen \u00fcber 4 Atemschutzger\u00e4te, Zelt, Ausziehleiter, Telefonanlage, Drucker\/Fax, Laptop, F\u00fchrungsunterlagen und integrierte Spannungswandler.<\/p>\n<p><img loading=\"lazy\" decoding=\"async\" class=\"alignnone wp-image-498 size-large\" src=\"https:\/\/www.xn--feuerwehr-prnbach-9zb.de\/wordpress\/wp-content\/uploads\/2019\/05\/MG_0099-1024x683.jpg\" alt=\"\" width=\"474\" height=\"316\" srcset=\"https:\/\/www.xn--feuerwehr-prnbach-9zb.de\/wordpress\/wp-content\/uploads\/2019\/05\/MG_0099-1024x683.jpg 1024w, https:\/\/www.xn--feuerwehr-prnbach-9zb.de\/wordpress\/wp-content\/uploads\/2019\/05\/MG_0099-300x200.jpg 300w, https:\/\/www.xn--feuerwehr-prnbach-9zb.de\/wordpress\/wp-content\/uploads\/2019\/05\/MG_0099-768x512.jpg 768w\" sizes=\"auto, (max-width: 474px) 100vw, 474px\" \/><\/p>\n<p><img loading=\"lazy\" decoding=\"async\" class=\"alignnone size-large wp-image-556\" src=\"https:\/\/www.xn--feuerwehr-prnbach-9zb.de\/wordpress\/wp-content\/uploads\/2019\/05\/MG_0109-1024x683.jpg\" alt=\"\" width=\"474\" height=\"316\" srcset=\"https:\/\/www.xn--feuerwehr-prnbach-9zb.de\/wordpress\/wp-content\/uploads\/2019\/05\/MG_0109-1024x683.jpg 1024w, https:\/\/www.xn--feuerwehr-prnbach-9zb.de\/wordpress\/wp-content\/uploads\/2019\/05\/MG_0109-300x200.jpg 300w, https:\/\/www.xn--feuerwehr-prnbach-9zb.de\/wordpress\/wp-content\/uploads\/2019\/05\/MG_0109-768x512.jpg 768w\" sizes=\"auto, (max-width: 474px) 100vw, 474px\" \/><\/p>\n<h3><strong>Das MZF im Detail<\/strong><\/h3>\n<h5><strong>Fahrerplatz<\/strong><\/h5>\n<p><img loading=\"lazy\" decoding=\"async\" class=\"alignnone size-large wp-image-555\" src=\"https:\/\/www.xn--feuerwehr-prnbach-9zb.de\/wordpress\/wp-content\/uploads\/2019\/05\/MG_0157-1024x683.jpg\" alt=\"\" width=\"474\" height=\"316\" srcset=\"https:\/\/www.xn--feuerwehr-prnbach-9zb.de\/wordpress\/wp-content\/uploads\/2019\/05\/MG_0157-1024x683.jpg 1024w, https:\/\/www.xn--feuerwehr-prnbach-9zb.de\/wordpress\/wp-content\/uploads\/2019\/05\/MG_0157-300x200.jpg 300w, https:\/\/www.xn--feuerwehr-prnbach-9zb.de\/wordpress\/wp-content\/uploads\/2019\/05\/MG_0157-768x512.jpg 768w\" sizes=\"auto, (max-width: 474px) 100vw, 474px\" \/><\/p>\n<p>&nbsp;<\/p>\n<p>RTK7 Blaulichtsteuerung, Dec Telefon, Digifunk, Handscheinwerfer, Adalitlampe und Schl\u00fcsselkasten<\/p>\n<h5><strong>Mannschaftsraum<\/strong><\/h5>\n<p><img loading=\"lazy\" decoding=\"async\" class=\"alignnone size-large wp-image-554\" src=\"https:\/\/www.xn--feuerwehr-prnbach-9zb.de\/wordpress\/wp-content\/uploads\/2019\/05\/MG_0142-1024x683.jpg\" alt=\"\" width=\"474\" height=\"316\" srcset=\"https:\/\/www.xn--feuerwehr-prnbach-9zb.de\/wordpress\/wp-content\/uploads\/2019\/05\/MG_0142-1024x683.jpg 1024w, https:\/\/www.xn--feuerwehr-prnbach-9zb.de\/wordpress\/wp-content\/uploads\/2019\/05\/MG_0142-300x200.jpg 300w, https:\/\/www.xn--feuerwehr-prnbach-9zb.de\/wordpress\/wp-content\/uploads\/2019\/05\/MG_0142-768x512.jpg 768w\" sizes=\"auto, (max-width: 474px) 100vw, 474px\" \/><\/p>\n<p><img loading=\"lazy\" decoding=\"async\" class=\"alignnone size-large wp-image-553\" src=\"https:\/\/www.xn--feuerwehr-prnbach-9zb.de\/wordpress\/wp-content\/uploads\/2019\/05\/MG_0152-683x1024.jpg\" alt=\"\" width=\"474\" height=\"711\" srcset=\"https:\/\/www.xn--feuerwehr-prnbach-9zb.de\/wordpress\/wp-content\/uploads\/2019\/05\/MG_0152-683x1024.jpg 683w, https:\/\/www.xn--feuerwehr-prnbach-9zb.de\/wordpress\/wp-content\/uploads\/2019\/05\/MG_0152-200x300.jpg 200w, https:\/\/www.xn--feuerwehr-prnbach-9zb.de\/wordpress\/wp-content\/uploads\/2019\/05\/MG_0152-768x1152.jpg 768w\" sizes=\"auto, (max-width: 474px) 100vw, 474px\" \/><\/p>\n<p>Funktisch, Leiter, Rettungsrucksack, Warnwesten, Anhaltestab, Funktisch klappbar, Drucker, F\u00fchrungstafel, Einbauschrank, Router, Helmfach, Ahlageschublade unter Sitzbank.<\/p>\n<h5><strong>Ger\u00e4teraum<\/strong><\/h5>\n<p><img loading=\"lazy\" decoding=\"async\" class=\"alignnone size-large wp-image-552\" src=\"https:\/\/www.xn--feuerwehr-prnbach-9zb.de\/wordpress\/wp-content\/uploads\/2019\/05\/MG_0159-683x1024.jpg\" alt=\"\" width=\"474\" height=\"711\" srcset=\"https:\/\/www.xn--feuerwehr-prnbach-9zb.de\/wordpress\/wp-content\/uploads\/2019\/05\/MG_0159-683x1024.jpg 683w, https:\/\/www.xn--feuerwehr-prnbach-9zb.de\/wordpress\/wp-content\/uploads\/2019\/05\/MG_0159-200x300.jpg 200w, https:\/\/www.xn--feuerwehr-prnbach-9zb.de\/wordpress\/wp-content\/uploads\/2019\/05\/MG_0159-768x1152.jpg 768w\" sizes=\"auto, (max-width: 474px) 100vw, 474px\" \/><img loading=\"lazy\" decoding=\"async\" class=\"alignnone wp-image-549 size-large\" src=\"https:\/\/www.xn--feuerwehr-prnbach-9zb.de\/wordpress\/wp-content\/uploads\/2019\/05\/MG_0161-1024x683.jpg\" alt=\"\" width=\"474\" height=\"316\" srcset=\"https:\/\/www.xn--feuerwehr-prnbach-9zb.de\/wordpress\/wp-content\/uploads\/2019\/05\/MG_0161-1024x683.jpg 1024w, https:\/\/www.xn--feuerwehr-prnbach-9zb.de\/wordpress\/wp-content\/uploads\/2019\/05\/MG_0161-300x200.jpg 300w, https:\/\/www.xn--feuerwehr-prnbach-9zb.de\/wordpress\/wp-content\/uploads\/2019\/05\/MG_0161-768x512.jpg 768w\" sizes=\"auto, (max-width: 474px) 100vw, 474px\" \/><img loading=\"lazy\" decoding=\"async\" class=\"alignnone wp-image-550 size-large\" src=\"https:\/\/www.xn--feuerwehr-prnbach-9zb.de\/wordpress\/wp-content\/uploads\/2019\/05\/MG_0160-1024x683.jpg\" alt=\"\" width=\"474\" height=\"316\" srcset=\"https:\/\/www.xn--feuerwehr-prnbach-9zb.de\/wordpress\/wp-content\/uploads\/2019\/05\/MG_0160-1024x683.jpg 1024w, https:\/\/www.xn--feuerwehr-prnbach-9zb.de\/wordpress\/wp-content\/uploads\/2019\/05\/MG_0160-300x200.jpg 300w, https:\/\/www.xn--feuerwehr-prnbach-9zb.de\/wordpress\/wp-content\/uploads\/2019\/05\/MG_0160-768x512.jpg 768w\" sizes=\"auto, (max-width: 474px) 100vw, 474px\" \/><\/p>\n<p>4 Atemschutzger\u00e4te, 4 Atemschutzmasken, 4 Leinenbeutel, Zelt, Zubeh\u00f6r Zelt, Haligentool, Handscheinwerfer, Beleuchtung im Kofferraum umschaltbar, 230V Steckdose, Kiste und Atemschutzhalterung in da. 1Minute ausgebaut um gesamten Kofferraum zu nutzen, usw.<\/p>\n","protected":false},"excerpt":{"rendered":"<p>Fahrgestell: Mercedes Sprinter (160 PS Handschalter) Aufbau: Geidobler Baujahr:\u00a02016 Einige Daten zur Beladung: Das Fahrzeug verf\u00fcgt \u00fcber die Normbeladung im speziellen \u00fcber 4 Atemschutzger\u00e4te, Zelt, Ausziehleiter, Telefonanlage, Drucker\/Fax, Laptop, F\u00fchrungsunterlagen &hellip; <a href=\"https:\/\/www.xn--feuerwehr-prnbach-9zb.de\/wordpress\/index.php\/mzf\/\" class=\"more-link\"><span class=\"screen-reader-text\">MZF<\/span> weiterlesen <span class=\"meta-nav\">&rarr;<\/span><\/a><\/p>\n","protected":false},"author":1,"featured_media":560,"parent":0,"menu_order":0,"comment_status":"closed","ping_status":"closed","template":"","meta":{"footnotes":""},"class_list":["post-91","page","type-page","status-publish","has-post-thumbnail","hentry"],"_links":{"self":[{"href":"https:\/\/www.xn--feuerwehr-prnbach-9zb.de\/wordpress\/index.php\/wp-json\/wp\/v2\/pages\/91","targetHints":{"allow":["GET"]}}],"collection":[{"href":"https:\/\/www.xn--feuerwehr-prnbach-9zb.de\/wordpress\/index.php\/wp-json\/wp\/v2\/pages"}],"about":[{"href":"https:\/\/www.xn--feuerwehr-prnbach-9zb.de\/wordpress\/index.php\/wp-json\/wp\/v2\/types\/page"}],"author":[{"embeddable":true,"href":"https:\/\/www.xn--feuerwehr-prnbach-9zb.de\/wordpress\/index.php\/wp-json\/wp\/v2\/users\/1"}],"replies":[{"embeddable":true,"href":"https:\/\/www.xn--feuerwehr-prnbach-9zb.de\/wordpress\/index.php\/wp-json\/wp\/v2\/comments?post=91"}],"version-history":[{"count":6,"href":"https:\/\/www.xn--feuerwehr-prnbach-9zb.de\/wordpress\/index.php\/wp-json\/wp\/v2\/pages\/91\/revisions"}],"predecessor-version":[{"id":551,"href":"https:\/\/www.xn--feuerwehr-prnbach-9zb.de\/wordpress\/index.php\/wp-json\/wp\/v2\/pages\/91\/revisions\/551"}],"wp:featuredmedia":[{"embeddable":true,"href":"https:\/\/www.xn--feuerwehr-prnbach-9zb.de\/wordpress\/index.php\/wp-json\/wp\/v2\/media\/560"}],"wp:attachment":[{"href":"https:\/\/www.xn--feuerwehr-prnbach-9zb.de\/wordpress\/index.php\/wp-json\/wp\/v2\/media?parent=91"}],"curies":[{"name":"wp","href":"https:\/\/api.w.org\/{rel}","templated":true}]}}

<p><strong>Fahrgestell</strong>: Mercedes Sprinter (160 PS Handschalter)</p>
<p><strong>Aufbau</strong>: Geidobler</p>
<p><strong>Baujahr:</strong> 2016</p>
<p>Einige Daten zur Beladung: Das Fahrzeug verfügt über die Normbeladung im speziellen über 4 Atemschutzgeräte, Zelt, Ausziehleiter, Telefonanlage, Drucker/Fax, Laptop, Führungsunterlagen und integrierte Spannungswandler.</p>
<p><img loading="lazy" decoding="async" class="alignnone wp-image-498 size-large" src="https://www.xn--feuerwehr-prnbach-9zb.de/wordpress/wp-content/uploads/2019/05/MG_0099-1024x683.jpg" alt="" width="474" height="316" srcset="https://www.xn--feuerwehr-prnbach-9zb.de/wordpress/wp-content/uploads/2019/05/MG_0099-1024x683.jpg 1024w, https://www.xn--feuerwehr-prnbach-9zb.de/wordpress/wp-content/uploads/2019/05/MG_0099-300x200.jpg 300w, https://www.xn--feuerwehr-prnbach-9zb.de/wordpress/wp-content/uploads/2019/05/MG_0099-768x512.jpg 768w" sizes="auto, (max-width: 474px) 100vw, 474px" /></p>
<p><img loading="lazy" decoding="async" class="alignnone size-large wp-image-556" src="https://www.xn--feuerwehr-prnbach-9zb.de/wordpress/wp-content/uploads/2019/05/MG_0109-1024x683.jpg" alt="" width="474" height="316" srcset="https://www.xn--feuerwehr-prnbach-9zb.de/wordpress/wp-content/uploads/2019/05/MG_0109-1024x683.jpg 1024w, https://www.xn--feuerwehr-prnbach-9zb.de/wordpress/wp-content/uploads/2019/05/MG_0109-300x200.jpg 300w, https://www.xn--feuerwehr-prnbach-9zb.de/wordpress/wp-content/uploads/2019/05/MG_0109-768x512.jpg 768w" sizes="auto, (max-width: 474px) 100vw, 474px" /></p>
<h3><strong>Das MZF im Detail</strong></h3>
<h5><strong>Fahrerplatz</strong></h5>
<p><img loading="lazy" decoding="async" class="alignnone size-large wp-image-555" src="https://www.xn--feuerwehr-prnbach-9zb.de/wordpress/wp-content/uploads/2019/05/MG_0157-1024x683.jpg" alt="" width="474" height="316" srcset="https://www.xn--feuerwehr-prnbach-9zb.de/wordpress/wp-content/uploads/2019/05/MG_0157-1024x683.jpg 1024w, https://www.xn--feuerwehr-prnbach-9zb.de/wordpress/wp-content/uploads/2019/05/MG_0157-300x200.jpg 300w, https://www.xn--feuerwehr-prnbach-9zb.de/wordpress/wp-content/uploads/2019/05/MG_0157-768x512.jpg 768w" sizes="auto, (max-width: 474px) 100vw, 474px" /></p>
<p>&nbsp;</p>
<p>RTK7 Blaulichtsteuerung, Dec Telefon, Digifunk, Handscheinwerfer, Adalitlampe und Schlüsselkasten</p>
<h5><strong>Mannschaftsraum</strong></h5>
<p><img loading="lazy" decoding="async" class="alignnone size-large wp-image-554" src="https://www.xn--feuerwehr-prnbach-9zb.de/wordpress/wp-content/uploads/2019/05/MG_0142-1024x683.jpg" alt="" width="474" height="316" srcset="https://www.xn--feuerwehr-prnbach-9zb.de/wordpress/wp-content/uploads/2019/05/MG_0142-1024x683.jpg 1024w, https://www.xn--feuerwehr-prnbach-9zb.de/wordpress/wp-content/uploads/2019/05/MG_0142-300x200.jpg 300w, https://www.xn--feuerwehr-prnbach-9zb.de/wordpress/wp-content/uploads/2019/05/MG_0142-768x512.jpg 768w" sizes="auto, (max-width: 474px) 100vw, 474px" /></p>
<p><img loading="lazy" decoding="async" class="alignnone size-large wp-image-553" src="https://www.xn--feuerwehr-prnbach-9zb.de/wordpress/wp-content/uploads/2019/05/MG_0152-683x1024.jpg" alt="" width="474" height="711" srcset="https://www.xn--feuerwehr-prnbach-9zb.de/wordpress/wp-content/uploads/2019/05/MG_0152-683x1024.jpg 683w, https://www.xn--feuerwehr-prnbach-9zb.de/wordpress/wp-content/uploads/2019/05/MG_0152-200x300.jpg 200w, https://www.xn--feuerwehr-prnbach-9zb.de/wordpress/wp-content/uploads/2019/05/MG_0152-768x1152.jpg 768w" sizes="auto, (max-width: 474px) 100vw, 474px" /></p>
<p>Funktisch, Leiter, Rettungsrucksack, Warnwesten, Anhaltestab, Funktisch klappbar, Drucker, Führungstafel, Einbauschrank, Router, Helmfach, Ahlageschublade unter Sitzbank.</p>
<h5><strong>Geräteraum</strong></h5>
<p><img loading="lazy" decoding="async" class="alignnone size-large wp-image-552" src="https://www.xn--feuerwehr-prnbach-9zb.de/wordpress/wp-content/uploads/2019/05/MG_0159-683x1024.jpg" alt="" width="474" height="711" srcset="https://www.xn--feuerwehr-prnbach-9zb.de/wordpress/wp-content/uploads/2019/05/MG_0159-683x1024.jpg 683w, https://www.xn--feuerwehr-prnbach-9zb.de/wordpress/wp-content/uploads/2019/05/MG_0159-200x300.jpg 200w, https://www.xn--feuerwehr-prnbach-9zb.de/wordpress/wp-content/uploads/2019/05/MG_0159-768x1152.jpg 768w" sizes="auto, (max-width: 474px) 100vw, 474px" /><img loading="lazy" decoding="async" class="alignnone wp-image-549 size-large" src="https://www.xn--feuerwehr-prnbach-9zb.de/wordpress/wp-content/uploads/2019/05/MG_0161-1024x683.jpg" alt="" width="474" height="316" srcset="https://www.xn--feuerwehr-prnbach-9zb.de/wordpress/wp-content/uploads/2019/05/MG_0161-1024x683.jpg 1024w, https://www.xn--feuerwehr-prnbach-9zb.de/wordpress/wp-content/uploads/2019/05/MG_0161-300x200.jpg 300w, https://www.xn--feuerwehr-prnbach-9zb.de/wordpress/wp-content/uploads/2019/05/MG_0161-768x512.jpg 768w" sizes="auto, (max-width: 474px) 100vw, 474px" /><img loading="lazy" decoding="async" class="alignnone wp-image-550 size-large" src="https://www.xn--feuerwehr-prnbach-9zb.de/wordpress/wp-content/uploads/2019/05/MG_0160-1024x683.jpg" alt="" width="474" height="316" srcset="https://www.xn--feuerwehr-prnbach-9zb.de/wordpress/wp-content/uploads/2019/05/MG_0160-1024x683.jpg 1024w, https://www.xn--feuerwehr-prnbach-9zb.de/wordpress/wp-content/uploads/2019/05/MG_0160-300x200.jpg 300w, https://www.xn--feuerwehr-prnbach-9zb.de/wordpress/wp-content/uploads/2019/05/MG_0160-768x512.jpg 768w" sizes="auto, (max-width: 474px) 100vw, 474px" /></p>
<p>4 Atemschutzgeräte, 4 Atemschutzmasken, 4 Leinenbeutel, Zelt, Zubehör Zelt, Haligentool, Handscheinwerfer, Beleuchtung im Kofferraum umschaltbar, 230V Steckdose, Kiste und Atemschutzhalterung in da. 1Minute ausgebaut um gesamten Kofferraum zu nutzen, usw.</p>

<p>Fahrgestell: Mercedes Sprinter (160 PS Handschalter) Aufbau: Geidobler Baujahr: 2016 Einige Daten zur Beladung: Das Fahrzeug verfügt über die Normbeladung im speziellen über 4 Atemschutzgeräte, Zelt, Ausziehleiter, Telefonanlage, Drucker/Fax, Laptop, Führungsunterlagen &hellip; <a href="https://www.xn--feuerwehr-prnbach-9zb.de/wordpress/index.php/mzf/" class="more-link"><span class="screen-reader-text">MZF</span> weiterlesen <span class="meta-nav">&rarr;</span></a></p>
